76*q + 2. Let x be o(3). Suppose -x = -7*k + 2*k. Suppose 4*w + 3*g - 179 = 0, 0*w + 2*g - k = -w. What is the units digit of w?
4
Let c(q) be the third derivative of 5*q**4/6 + 23*q**3/6 - 23*q**2. What is the units digit of c(4)?
3
Let r be (-3)/12 + 26/8. Suppose -2*h + 2*f + 168 = r*f, -4*h - 3*f = -336. What is the tens digit of h?
8
Let g = -679 + 960. What is the tens digit of g?
8
Let v(j) = -j**3 + 8*j**2 + 3*j - 12. Let d be v(8). Let l(o) be the second derivative of o**3/6 - o**2/2 - 8*o. What is the units digit of l(d)?
1
Let n = -65 - -79. Let a(y) = y**3 - 15*y**2 + 18*y + 26. What is the tens digit of a(n)?
8
Let o(h) = h**3 - 23*h**2 + 16*h + 56. What is the units digit of o(23)?
4
What is the hundreds digit of ((-3)/5)/((189/(-5490))/21)?
3
Suppose -5*s + 0*v - 2*v = -79, -3*s - v = -47. Suppose 2*x = -x + s. Suppose 0*o + 5*o + 29 = k, -x*o = -15. What is the tens digit of k?
4
Suppose 5*v - 223 = -4*w, -4*v = -9*v - 2*w + 229. Suppose 3*m - v = 22. What is the units digit of m?
3
Suppose a + 4*m = 28, 2*a - 2*m - m - 1 = 0. Let x(d) = -2*d + 18. Let v be x(a). Suppose 0 = 5*b - v*b - 21. What is the units digit of b?
7
What is the units digit of (-663)/52*(-584)/6?
1
Suppose 75*j - 54*j = 70602. What is the units digit of j?
2
Suppose 11 = -4*m - 9. What is the units digit of 4/m + (-384)/(-5)?
6
Let h = -684 + 1645. What is the hundreds digit of h?
9
Let w(h) = 53*h + 2. Let z be w(5). Suppose -285 = -6*v + z. Suppose o - v + 35 = 0. What is the tens digit of o?
5
Let s(b) = -b**2 + 4*b - 1. Let y be s(3). Suppose y*u - 52 = -2*o + 270, 0 = -4*u + o + 654. What is the tens digit of u?
6
Suppose 5*l - 5*k = -3*k + 2787, 2*l - 1106 = 3*k. What is the units digit of l?
9
Let m = 107 + -43. Suppose -4*y = -3*g + 1 - 170, -135 = -3*y + 5*g. Let w = m - y. What is the tens digit of w?
2
Suppose 3*o - 9*c + 4*c = 2791, -4*o + 3716 = -4*c. What is the tens digit of o?
2
Let m = -165 + 110. Let w = 171 + -253. Let c = m - w. What is the units digit of c?
7
What is the units digit of (-2176)/(-6) + (-40)/(-30)?
4
Suppose 2*g + a - 31 - 42 = 0, -102 = -3*g - 4*a. Let h be g + (0 - (-4)/1). Let w = 4 + h. What is the units digit of w?
6
Suppose 909 = 2*d - 345. What is the tens digit of d?
2
Suppose 2 = 5*f - 8. Suppose 4 = -f*m - 26. Let i = 33 + m. What is the units digit of i?
8
Suppose -474 = -4*x - 1778. Let c = -9 + 30. What is the units digit of (-12)/c - x/7?
6
Let h be (-7)/(21/12)*-2. Suppose -6 - h = -4*l - 3*w, -l + w = 0. What is the tens digit of (25/l)/(9/18)?
2
What is the units digit of (-16)/40 + (-4 - (-1288)/20)?
0
What is the units digit of (-2 - 1 - 3) + 886?
0
Let a = -279 + 147. Let z = 65 - a. What is the tens digit of z?
9
What is the units digit of ((-81)/(-54))/(((-10)/(-92))/5)?
9
Suppose 3*i - 6*i + 9 = 0. Suppose 5*l + i*a = 206, -3*a = -4*l - 7*a + 168. What is the units digit of l?
0
What is the hundreds digit of 571 + (9 + -1 - 1)?
5
Let v be 103*3*((-40)/12 + 4). Let x = v - 160. What is the units digit of x?
6
Let z(x) = -7*x - 21. Let d be z(-3). Let j(w) = w + w**3 + 33 + 0*w**3 + 0*w. What is the tens digit of j(d)?
3
Let n = -36 - -37. Suppose -6*z + 25 - n = 0. What is the units digit of z?
4
Let w = 14 + 6. Let p = w + 10. What is the tens digit of p?
3
Let n be (6 - (-32)/(-5))/((-1)/5). Let z = -7 - -14. Let x = z + n. What is the units digit of x?
9
Let g be 1 + -3 + (2 - -1). Let v be (-2 + (0 - g))*-1. Suppose 0 = -v*s + 4*s - 24. What is the units digit of s?
4
Let a be -1*(2 + -1) - 9. Suppose 2*b = 6*b - 40. What is the units digit of ((-4)/b)/(a/50)?
2
Suppose 0 = -3*v - 9 + 24, -3*k + 2120 = 4*v. What is the hundreds digit of k?
7
Suppose 2*q - 5*u - 153 - 10626 = 0, 2*q - 4*u = 10776. What is the tens digit of q?
8
Suppose v + 2*v - 81 = 0. Suppose -3*s + v - 6 = 0. Suppose -3*u + s*u = 236. What is the tens digit of u?
5
Let b(t) = -t**3 + 10*t**2 - 10*t + 12. Suppose -3*d + 7*d - 36 = 0. Let s be b(d). Let c = 5 - s. What is the units digit of c?
2
Suppose -27 + 7 = -q. Suppose -f + 2*f - 2*a + 1 = 0, -q = -5*a. What is the units digit of f?
7
Let o(k) = k**3 - 2*k**2 + 1. Let z be o(1). Suppose 0 = -2*l - z*l + 8. Suppose l*y + 26 = 5*y. What is the tens digit of y?
2
Let b = -45 - -24. What is the tens digit of (-6)/b - (-906)/14?
6
Suppose -3*k = -3*b - 783, 1 = 4*b - 3. What is the hundreds digit of k?
2
What is the tens digit of 91/((1/3)/(8 - 5))?
1
Let l(p) = p - 15. Let n be l(19). Suppose -15 - 1 = -5*x + i, -n*i = -2*x - 8. What is the units digit of x?
4
Suppose 404 = 5*z + 139. Let w = -18 + z. What is the units digit of w?
5
Suppose -4*b + 2*w + 13 = -3, -3*w = 5*b + 2. Suppose -b = -5*x + 18. Suppose 8*k = x*k + 44. What is the tens digit of k?
1
What is the tens digit of 82788/42 + 4/(-28) + 6?
7
Suppose 41 - 9 = 8*r. Suppose 0 = -t - 3*d + d + 33, -187 = -r*t + 3*d. What is the tens digit of t?
4
Let l be (1 - -1) + (-5 - (10 + 4)). Let w(v) = -v**3 - 19*v**2 - 37*v - 12. What is the units digit of w(l)?
9
Let d(l) = -l**3 - 4*l**2 - 3*l + 3. Let j be d(-3). Suppose 3*k = 2*k - j. What is the tens digit of 23 - (-4)/4 - k?
2
Let n be (14/3)/(6/9)*-3. Let z = 250 - 179. Let f = z + n. What is the tens digit of f?
5
Let w(g) = 2*g**2 - 5*g + 9. Let m be w(4). Let u be (m + -4)*-2*9. What is the tens digit of u/(-8) - 10/40?
3
Let y be 20 + 3/(6/4). Let p = 11 - y. What is the tens digit of (p - -8)/(1/(-8))?
2
Let s = 16 + -18. Let i be s/6 - 140/(-6). Let o = i + -19. What is the units digit of o?
4
Let n(h) be the first derivative of 3 + 1/3*h**3 + 11*h - 2*h**2. What is the units digit of n(5)?
6
Let y be -3 - (-192 + 3/(-3)) - -1. Suppose -4*p + 332 = -4*q, -2*q - y - 62 = -3*p. What is the units digit of p?
7
Suppose -37 = 3*g + 5*b, 0 = 3*b - 7*b - 20. What is the tens digit of ((-1)/(g/74))/(18/36)?
3
Let f(m) be the first derivative of m**3/3 - 3*m**2 + 2*m - 9. Let s be f(4). What is the units digit of 2/3*(-3 - s)?
2
Let b(l) = 2*l**3 + 15*l**2 + l - 6. Let f be 8 + -8 - 14/2. Let h be b(f). Suppose -2*t = 2*y - h, 5*t + 4*y - 60 = 26. What is the units digit of t?
4
Let q(b) = -42*b + 10. Let m(a) = a - 1. Let i(g) = -m(g) - q(g). What is the hundreds digit of i(3)?
1
Let h be (-2 - (-5 - 0))*46. Let j = -114 + h. What is the units digit of j?
4
Let t = -730 + 1084. What is the hundreds digit of t?
3
Let c(l) = -l**3 + 17*l**2 - 33*l - 1. Let r = -73 - -87. What is the tens digit of c(r)?
2
Suppose 0 = p + 2, v + 0*v - 3*p = 1. Let q be (v/3)/(5/(-15)). Suppose -14 + 34 = i + q*l, 5*i - 5*l - 40 = 0. What is the units digit of i?
0
What is the hundreds digit of (-11499)/(-21) - 16/(-392)*-14?
5
Let b = 13478 - 9189. What is the thousands digit of b?
4
Let f(c) = c**3 - 7*c**2 + 9*c. Let k be f(6). Suppose 4*b - 22 = k. Let t = -2 + b. What is the units digit of t?
8
Suppose -j - 157 = -2*j. Suppose 183 = 5*x - j. What is the tens digit of x?
6
Suppose -3*r - r = -40. Let s be 5*-1*r/(-10). Suppose 2*b - 34 = -x + 3*b, 0 = -3*x - s*b + 134. What is the units digit of x?
8
Suppose -7*z - 204 = -4*z. Let p = z + 108. Suppose -2*f + 62 = v, 3*v + 38 = 2*f - p. What is the units digit of f?
3
Suppose -31 = -5*u + 4*f, 0 = -4*u - 2*f + 3 + 1. Suppose -z = -u*i - 31 + 8, -4*z = 4*i - 172. What is the units digit of z?
8
Let o = 29 + 22. Suppose d + 3*s = 76, -3*d + 4*d - 2*s - o = 0. What is the units digit of d?
1
Let h = 13 - 10. Suppose -i + k + 155 = 3*i, -h*i + 125 = k. What is the tens digit of i?
4
Let n be -4 + -3*(-4)/(-12). Let q = n - -3. What is the units digit of q*((-39)/6 - 0)?
3
Let r(d) = 10*d**2 - 167*d - 25. What is the tens digit of r(25)?
5
Suppose -6*p = 3*y - 5*p - 872, y = p + 292. What is the units digit of y?
1
Suppose 291 = -5*d + 2*d. Let z = 45 - 86. Let l = z - d. What is the units digit of l?
6
Suppose 0 = 5*q + 5, -58*w = -55*w - 5*q - 9404. What is the hundreds digit of w?
1
Let q = 1167 - 800. What is the units digit of q?
7
Let f be (-68)/(-18) - 30/(-135). Let k be -4 + -1 + f + 2. What is the units digit of 5/((-20)/(-12))*k?
3
Let s(c) = -c**2 + 3*c + 12. Let m be s(-4). Let l = m - -29. What is the tens digit of l?
1
Let l = 213 + 60. What is the units digit of l?
3
Suppose 0 = -2*v - 2*v. Suppose v = -q + 14 + 1. Let h 